at is the ten thousands digit of 1121592?
2
What is the tens digit of 5499038?
3
What is the ten millions digit of 20825236?
2
What is the tens digit of 5004107?
0
What is the hundreds digit of 565074?
0
What is the tens digit of 2129355?
5
What is the units digit of 221023?
3
What is the millions digit of 1820559?
1
What is the millions digit of 26491686?
6
What is the thousands digit of 136544?
6
What is the tens digit of 9383721?
2
What is the thousands digit of 2184139?
4
What is the hundreds digit of 12837140?
1
What is the thousands digit of 3910687?
0
What is the ten thousands digit of 7806306?
0
What is the thousands digit of 419868?
9
What is the thousands digit of 1136?
1
What is the tens digit of 18009783?
8
What is the hundred thousands digit of 6478208?
4
What is the hundreds digit of 675712?
7
What is the hundreds digit of 4003928?
9
What is the ten thousands digit of 185663?
8
What is the millions digit of 23209934?
3
What is the hundred thousands digit of 157082?
1
What is the hundred thousands digit of 675069?
6
What is the ten thousands digit of 4745809?
4
What is the ten millions digit of 22801147?
2
What is the hundred thousands digit of 331279?
3
What is the units digit of 29979?
9
What is the tens digit of 23181327?
2
What is the tens digit of 657327?
2
What is the hundred thousands digit of 137366?
1
What is the hundred thousands digit of 18566673?
5
What is the units digit of 13163008?
8
What is the units digit of 106629?
9
What is the units digit of 553290?
0
What is the units digit of 423282?
2
What is the units digit of 5021738?
8
What is the units digit of 247006?
6
What is the ten thousands digit of 227682?
2
What is the hundred thousands digit of 16567146?
5
What is the hundreds digit of 636316?
3
What is the ten thousands digit of 433999?
3
What is the units digit of 526945?
5
What is the hundreds digit of 653498?
4
What is the hundreds digit of 254244?
2
What is the millions digit of 3168517?
3
What is the hundreds digit of 5928219?
2
What is the tens digit of 964803?
0
What is the tens digit of 2848288?
8
What is the units digit of 22184171?
1
What is the units digit of 659506?
6
What is the hundreds digit of 10704666?
6
What is the hundred thousands digit of 277822?
2
What is the tens digit of 1828464?
6
What is the units digit of 26172933?
3
What is the units digit of 543304?
4
What is the tens digit of 14659596?
9
What is the units digit of 64112?
2
What is the millions digit of 14321454?
4
What is the tens digit of 1743132?
3
What is the tens digit of 17003738?
3
What is the units digit of 392175?
5
What is the hundred thousands digit of 1093299?
0
What is the millions digit of 1044859?
1
What is the hundreds digit of 11421655?
6
What is the hundred thousands digit of 1827970?
8
What is the thousands digit of 184027?
4
What is the tens digit of 173497?
9
What is the ten thousands digit of 927071?
2
What is the thousands digit of 916291?
6
What is the hundreds digit of 2486356?
3
What is the tens digit of 461881?
8
What is the millions digit of 2841147?
2
What is the units digit of 469072?
2
What is the hundreds digit of 141078?
0
What is the ten thousands digit of 5591820?
9
What is the millions digit of 2390061?
2
What is the ten thousands digit of 5531419?
3
What is the units digit of 1595498?
8
What is the units digit of 203968?
8
What is the units digit of 781566?
6
What is the thousands digit of 7687290?
7
What is the hundred thousands digit of 617166?
6
What is the thousands digit of 19046306?
6
What is the hundreds digit of 526133?
1
What is the tens digit of 227216?
1
What is the tens digit of 87854?
5
What is the tens digit of 1909673?
7
What is the ten millions digit of 31469812?
3
What is the tens digit of 437514?
1
What is the hundred thousands digit of 3275572?
2
What is the hundred thousands digit of 2561135?
5
What is the thousands digit of 2091330?
1
What is the ten thousands digit of 1189515?
8
What is the hundred thousands digit of 5879619?
8
What is the thousands digit of 25836848?
6
What is the thousands digit of 7287950?
7
What is the thousands digit of 13348140?
8
What is the hundred thousands digit of 7001117?
0
What is the hundreds digit of 1269202?
2
What is the tens digit of 455082?
8
What is the tens digit of 467347?
4
What is the thousands digit of 666252?
6
What is the thousands digit of 31754?
1
What is the hundreds digit of 369792?
7
What is the thousands digit of 1876658?
6
What is the hundreds digit of 681830?
8
What is the thousands digit of 1350632?
0
What is the units digit of 15359970?
0
What is the tens digit of 23110?
1
What is the ten thousands digit of 2316725?
1
What is the ten millions digit of 14864930?
1
What is the tens digit of 216077?
7
What is the hundred thousands digit of 7581547?
5
What is the ten thousands digit of 5325582?
2
What is the thousands digit of 1104646?
4
What is the hundreds digit of 9503?
5
What is the ten thousands digit of 3204135?
0
What is the millions digit of 18585565?
8
What is the hundreds digit of 10383?
3
What is the hundreds digit of 3633680?
6
What is the ten thousands digit of 587084?
8
What is the hundred thousands digit of 361862?
3
What is the units digit of 302263?
3
What is the tens digit of 1011744?
4
What is the thousands digit of 109556?
9
What is the ten thousands digit of 17166340?
6
What is the thousands digit of 23668?
3
What is the units digit of 1274805?
5
What is the units digit of 5783650?
0
What is the tens digit of 646195?
9
What is the ten thousands digit of 188669?
8
What is the ten thousands digit of 237552?
3
What is the tens digit of 1066906?
0
What is the hundred thousands digit of 228334?
2
What is the hundreds digit of 3243718?
7
What is the hundreds digit of 2457596?
5
What is the ten thousands digit of 135103?
3
What is the ten thousands digit of 211320?
1
What is the ten thousands digit of 80673?
8
What is the units digit of 6793582?
2
What is the units digit of 2150489?
9
What is the hundred thousands digit of 428775?
4
What is the hundred thousands digit of 25262592?
2
What is the ten thousands digit of 2076149?
7
What is the tens digit of 1221622?
2
What is the thousands digit of 703213?
3
What is the hundreds digit of 106477?
4
What is the units digit of 13147792?
2
What is the thousands digit of 17154726?
4
What is the thousands digit of 34786145?
6
What is the hundreds digit of 100666?
6
What is the tens digit of 118407?
0
What is the hundreds digit of 2963063?
0
What is the hundreds digit of 9216780?
7
What is the thousands digit of 1429441?
9
What is the units digit of 3391772?
2
What is the thousands digit of 181260?
1
What is the hundreds digit of 2957268?
2
What is the tens digit of 353266?
6
What is the ten thousands digit of 547043?
4
What is the hundreds digit of 23711944?
9
What is the units digit of 901163?
3
What is the hundreds digit of 14391?
3
What is the units digit of 47091?
1
What is the ten thousands digit of 54386?
5
What is the units digit of 891203?
3
What is the ten thousands digit of 40343?
4
What is the hundreds digit of 2152083?
0
What is the ten millions digit of 16059464?
1
What is the units digit of 116149?
9
What is the millions digit of 1098799?
1
What is the units digit of 780504?
4
What is the ten thousands digit of 70757?
7
What is the hundreds digit of 1823132?
1
What is the ten thousands digit of 810605?
1
What is the thousands digit of 185433?
5
What is the tens digit of 4276950?
5
What is the hundreds digit of 405798?
7
What is the ten thousands digit of 1239901?
3
What is the ten thousands digit of 332677?
3
What is the hundreds digit of 20690011?
0
What is the tens digit of 5263437?
3
What is the units digit of 1933933?
3
What is the hundreds digit of 562150?
1
What is the ten thousands digit of 478535?
7
What is the ten thousands digit of 9308654?
0
What is the units digit of 285972?
2
What is the hundreds digit of 11869446?
4
What is the thousands digit of 594171?
4
What is the tens digit of 7452314?
1
What is the thousands digit of 445745?
5
What is the hundreds digit of 52440?
4
What is the tens digit of 537725?
2
What is the units digit of 49083?
3
What is the hundreds digit of 13352683?
6
What is the hundreds digit of 17795?
7
What is the ten mi